123617 prime?
False
Is 5334142679 a composite number?
True
Is 427337123 prime?
True
Is 75788804335 composite?
True
Is 400351057 composite?
False
Is 270808597 composite?
False
Is 12616661989 a prime number?
False
Is 1866142861 a prime number?
False
Is 104886122087 a composite number?
False
Is 1443939151 a prime number?
True
Is 158327780023 composite?
True
Is 55708766119 prime?
True
Is 721751773 a prime number?
False
Is 28088855533 a composite number?
True
Is 407651989 a prime number?
True
Is 7075509019 a prime number?
True
Is 17958789271 prime?
False
Is 119610019167 prime?
False
Is 116102659 composite?
False
Is 16654935949 a composite number?
True
Is 474896501 a prime number?
False
Is 10652471 composite?
True
Is 1480768853 a prime number?
False
Is 167196641 a composite number?
True
Is 340191353 a prime number?
False
Is 707061353 prime?
True
Is 30176499547 a prime number?
True
Is 1685765047 a composite number?
True
Is 323183591 a composite number?
False
Is 4187075591 prime?
True
Is 11783757197 a prime number?
True
Is 16551019679 prime?
True
Is 4114454477 prime?
False
Is 1551642949 composite?
False
Is 1976081687 a composite number?
False
Is 8644724017 a composite number?
False
Is 420777773 a prime number?
False
Is 363817755047 a prime number?
True
Is 1970455463 a prime number?
True
Is 2463230041 composite?
True
Is 64920454279 prime?
True
Is 1687478791 a composite number?
False
Is 7948290559 a composite number?
True
Is 370255819 composite?
False
Is 2889865907 prime?
True
Is 637115141 a prime number?
False
Is 2390341853 composite?
False
Is 3400990897 composite?
True
Is 937055929 composite?
True
Is 208699200431 prime?
False
Is 3164187731 composite?
True
Is 10096710707 composite?
False
Is 159260047 a composite number?
False
Is 2387204803 a prime number?
False
Is 3507459469 prime?
True
Is 6433732451 a composite number?
False
Is 366028523 prime?
False
Is 14324748173 a composite number?
False
Is 3886003607 a composite number?
True
Is 13304925239 a prime number?
True
Is 4742718649 a composite number?
True
Is 9475835 a prime number?
False
Is 66421705043 composite?
True
Is 996523519 a prime number?
True
Is 423249311 prime?
True
Is 29252759357 a prime number?
True
Is 281878503 a composite number?
True
Is 57331848263 a composite number?
False
Is 2881940413 a prime number?
False
Is 314476489 a prime number?
False
Is 122400199 composite?
False
Is 691210913 prime?
True
Is 1796058877 a composite number?
False
Is 17124241 a composite number?
False
Is 79261123 a composite number?
True
Is 562087217 composite?
True
Is 1937256877 a prime number?
True
Is 716332343 prime?
True
Is 2559146507 prime?
False
Is 219081330233 prime?
True
Is 18815097799 composite?
True
Is 172186909 composite?
False
Is 2275745863 a composite number?
True
Is 2384443909 a composite number?
False
Is 4647439751 composite?
True
Is 200348338507 composite?
False
Is 8247383337 a prime number?
False
Is 2057370127 composite?
True
Is 71145589366 a prime number?
False
Is 5680788913 prime?
False
Is 4864746371 a prime number?
False
Is 14387803079 a prime number?
False
Is 1293834823 a composite number?
True
Is 29518289 a prime number?
True
Is 5416300051 prime?
False
Is 20810544721 a prime number?
True
Is 933822079 composite?
True
Is 56800227307 a prime number?
False
Is 789728729 a prime number?
True
Is 279934041 composite?
True
Is 3579581689 prime?
False
Is 800107381 a composite number?
False
Is 1434634211 prime?
True
Is 919413023 a composite number?
True
Is 56682501163 a prime number?
False
Is 19934443063 prime?
True
Is 83297686933 composite?
True
Is 295039463 a composite number?
True
Is 377970863 a prime number?
True
Is 5333933693 a prime number?
False
Is 1418692195 composite?
True
Is 100751179 a composite number?
False
Is 52784801483 prime?
False
Is 371729963 a prime number?
False
Is 6114188485 a composite number?
True
Is 72532708231 a prime number?
False
Is 8739892699 composite?
False
Is 3888342143 a composite number?
True
Is 238386509 composite?
False
Is 39990793 prime?
False
Is 5574542521 prime?
True
Is 5021990651 prime?
True
Is 3300474767 a prime number?
False
Is 1103193802 composite?
True
Is 597048139 composite?
False
Is 569967521 prime?
True
Is 156668625341 composite?
True
Is 1018919423 a prime number?
False
Is 3716972537 composite?
True
Is 12940515853 prime?
True
Is 7300088279 prime?
False
Is 8836644563 a composite number?
True
Is 17180593 a composite number?
False
Is 9450066961 composite?
False
Is 68019343 a prime number?
False
Is 53521812361 a prime number?
True
Is 501043819 a composite number?
False
Is 7742402717 prime?
False
Is 6770988397 prime?
True
Is 1943399917 a composite number?
False
Is 1232016577 a prime number?
False
Is 4395842211 prime?
False
Is 4373909917 a prime number?
False
Is 24016508905 a prime number?
False
Is 157807187 a prime number?
False
Is 719615143 a composite number?
True
Is 69072028373 prime?
False
Is 2582452139 a prime number?
False
Is 7955317549 composite?
False
Is 9955336654 composite?
True
Is 1955562857 prime?
True
Is 130243693 prime?
False
Is 2780009203 a prime number?
True
Is 868719689 a composite number?
False
Is 86029581667 a composite number?
True
Is 534934013 prime?
False
Is 22235479679 a composite number?
True
Is 146674277 composite?
True
Is 23846434093 prime?
True
Is 2276505271 a prime number?
True
Is 115100041685 a prime number?
False
Is 31169949143 a composite number?
False
Is 2328296167 a composite number?
False
Is 21249362791 a composite number?
False
Is 1547077751 a prime number?
False
Is 5066354266 a prime number?
False
Is 300061123 composite?
True
Is 32726134009 a composite number?
True
Is 308610761 a prime number?
True
Is 1380324481 a prime number?
True
Is 61494931661 a composite number?
True
Is 182333051 prime?
False
Is 16109187043 a prime number?
True
Is 145507233533 prime?
False
Is 942192931 a composite number?
True
Is 1306683113 prime?
True
Is 4694715073 a composite number?
True
Is 155864895581 composite?
False
Is 289607179 a composite number?
False
Is 1027058153443 a composite number?
True
Is 1412654473 composite?
False
Is 66816427 a composite number?
False
Is 397547063 a composite number?
False
Is 15369402047 prime?
False
Is 4605270679 composite?
False
Is 5929246717 a composite number?
True
Is 18247553 prime?
False
Is 334892263 a prime number?
True
Is 331245991 a composite number?
False
Is 1112333081 a prime number?
True
Is 18843384257 a composite number?
False
Is 1414429187 a composite number?
False
Is 34515912043 a composite number?
False
Is 70480671557 a composite number?
False
Is 31484806019 composite?
False
Is 856738381 composite?
True
Is 4407364207 a composite number?
False
Is 83875507 a prime number?
True
Is 981278849 composite?
False
Is 16141833586 composite?
True
Is 133982419 a composite number?
True
Is 2453000729 a composite number?
True
Is 4797345623 a composite number?
True
Is 359296181 composite?
False
Is 50731783937 a prime number?
True
Is 345010717 composite?
True
Is 4286347679 a composite number?
True
Is 2132632757 a prime number?
False
Is 13620929837 prime?
True
Is 14123789111 prime?
False
Is 331442249 composite?
False
Is 16475319479 composite?
True
Is 13133015807 composite?
True
Is 704737718 prime?
False
Is 729977063 prime?
True
Is 15640203857 a prime number?
True
Is 3975658433 a prime number?
True
Is 233447009707 prime?
True
Is 2597489267 prime?
True
Is 120205595473 a prime number?
True
Is 21438315959 prime?
True
Is 2220026273 prime?
True
Is 246452639 composite?
False
Is 348274919 composite?
False
Is 10483555601 a prime number?
True
Is 2115377959 a prime number?
True
Is 20385848501 prime?
True
Is 1299074081 a composite number?
False
Is 28602019177 a prime number?
False
Is 8793320273 a prime number?
True
Is 130011251 a composite number?
False
Is 3644061527 a composite number?
True
Is 347821081901 prime?
True
Is 39070242407 composite?
True
Is 21699418253 a composite number?
False
Is 1592276891 a prime number?
True
Is 59277868567 a prime number?
True
Is 3892641583 prime?
True
Is 4069705441 composite?
True
Is 97035099349 prime?
False
Is 488443463 a composite number?
True
Is 197400587 composite?
True
Is 5132854379 a prime number?
True
Is 15181716883 a prime number?
True
Is 1406436337 a composite number?
False
Is 84125047 a comp